vided by 279.
278
What is the remainder when 829907 is divided by 210?
197
Calculate the remainder when 919276 is divided by 29.
5
Calculate the remainder when 152945 is divided by 1501.
1344
What is the remainder when 22976604 is divided by 91?
14
What is the remainder when 1800159 is divided by 4787?
247
Calculate the remainder when 154686 is divided by 804.
318
What is the remainder when 2093459 is divided by 1053?
95
Calculate the remainder when 206304 is divided by 410.
74
Calculate the remainder when 167974247 is divided by 25.
22
Calculate the remainder when 181956 is divided by 16.
4
Calculate the remainder when 36367 is divided by 7208.
327
What is the remainder when 3000591 is divided by 66678?
81
Calculate the remainder when 14293 is divided by 43.
17
Calculate the remainder when 1720767 is divided by 126.
111
What is the remainder when 43209691 is divided by 14403226?
13
What is the remainder when 297678 is divided by 3271?
17
Calculate the remainder when 4512056 is divided by 347080.
16
What is the remainder when 12924356 is divided by 1620?
1616
Calculate the remainder when 1118921 is divided by 3657.
3536
Calculate the remainder when 28425 is divided by 206.
203
What is the remainder when 204485617 is divided by 75?
67
What is the remainder when 13526 is divided by 4230?
836
Calculate the remainder when 36726555 is divided by 33.
30
Calculate the remainder when 133746485 is divided by 1115.
5
Calculate the remainder when 337155 is divided by 3252.
2199
Calculate the remainder when 4864254 is divided by 3065.
99
What is the remainder when 228651 is divided by 1110?
1101
Calculate the remainder when 41433347 is divided by 11135.
12
What is the remainder when 6194721 is divided by 37?
33
Calculate the remainder when 106312393 is divided by 20154.
43
What is the remainder when 49124 is divided by 1167?
110
Calculate the remainder when 15882608 is divided by 377.
352
What is the remainder when 188049272 is divided by 461?
457
Calculate the remainder when 364535 is divided by 74.
11
Calculate the remainder when 3431225 is divided by 41340.
5
Calculate the remainder when 26041684 is divided by 26041555.
129
What is the remainder when 651348 is divided by 43259?
2463
Calculate the remainder when 102661702 is divided by 7562.
7552
What is the remainder when 8966098 is divided by 76?
74
Calculate the remainder when 607439 is divided by 123.
65
What is the remainder when 211682 is divided by 2853?
560
What is the remainder when 6226344 is divided by 2075358?
270
What is the remainder when 23692713 is divided by 27233?
3
Calculate the remainder when 57216 is divided by 478.
334
Calculate the remainder when 1797966 is divided by 599081.
723
Calculate the remainder when 106848 is divided by 5842.
1692
What is the remainder when 104955904 is divided by 52477948?
8
Calculate the remainder when 5582914 is divided by 3547.
3483
Calculate the remainder when 17542927 is divided by 643.
601
What is the remainder when 297045 is divided by 4937?
825
Calculate the remainder when 593022 is divided by 295685.
1652
What is the remainder when 117838 is divided by 4424?
2814
What is the remainder when 6769361 is divided by 676931?
51
What is the remainder when 631470 is divided by 7151?
2182
Calculate the remainder when 1395887 is divided by 465211.
254
What is the remainder when 50927 is divided by 1330?
387
Calculate the remainder when 42517916 is divided by 7337.
1
Calculate the remainder when 477500 is divided by 1889.
1472
Calculate the remainder when 651215 is divided by 88.
15
What is the remainder when 19199935 is divided by 311?
39
Calculate the remainder when 8162 is divided by 78.
50
Calculate the remainder when 4520766 is divided by 11445.
11436
Calculate the remainder when 74788 is divided by 916.
592
What is the remainder when 30887775 is divided by 12556?
15
Calculate the remainder when 169089 is divided by 183.
180
What is the remainder when 563376 is divided by 112604?
356
What is the remainder when 4093108 is divided by 3094?
2840
What is the remainder when 201335 is divided by 1010?
345
What is the remainder when 1878059 is divided by 28455?
29
Calculate the remainder when 31586230 is divided by 7896554.
14
Calculate the remainder when 1822805 is divided by 1400.
5
What is the remainder when 6255188 is divided by 367952?
4
Calculate the remainder when 18367716 is divided by 325.
16
What is the remainder when 45913 is divided by 1482?
1453
What is the remainder when 92807 is divided by 11550?
407
Calculate the remainder when 97856429 is divided by 2867.
2852
Calculate the remainder when 23818274 is divided by 360882.
62
What is the remainder when 1289526 is divided by 10?
6
What is the remainder when 951758062 is divided by 18?
16
What is the remainder when 1575634 is divided by 986?
6
Calculate the remainder when 241939 is divided by 256.
19
What is the remainder when 56718710 is divided by 640?
630
Calculate the remainder when 163551 is divided by 54482.
105
Calculate the remainder when 427116 is divided by 263.
4
Calculate the remainder when 5259360 is divided by 528.
480
What is the remainder when 430045392 is divided by 268?
264
What is the remainder when 33369 is divided by 16033?
1303
Calculate the remainder when 7135139 is divided by 654.
653
Calculate the remainder when 1583327 is divided by 200.
127
Calculate the remainder when 3079259 is divided by 3079174.
85
Calculate the remainder when 239740 is divided by 3424.
60
Calculate the remainder when 4865681 is divided by 1621886.
23
Calculate the remainder when 16475392 is divided by 31991.
27
What is the remainder when 7346790 is divided by 977?
727
What is the remainder when 2907006 is divided by 1707?
1692
Calculate the remainder when 485369 is divided by 315.
269
What is the remainder when 21492283 is divided by 3582037?
61
What is the remainder when 4784765 is divided by 12624?
269
Calculate the remainder when 50068014 is divided by 154.
150
Calculate the remainder when 1191959 is divided by 110.
109
Calculate the remainder when 1823468 is divided by 85.
48
What is the remainder when 18935819 is divided by 6162?
6155
What is the remainder when 162763817 is divided by 1603?
6
Calculate the remainder when 45675 is divided by 1883.
483
What is the remainder when 2194695 is divided by 430?
405
What is the remainder when 2606152 is divided by 5923?
32
What is the remainder when 1891104 is divided by 11459?
369
Calculate the remainder when 26192 is divided by 844.
28
What is the remainder when 4005211 is divided by 687?
1
Calculate the remainder when 9974621 is divided by 243283.
18
Calculate the remainder when 1165842 is divided by 95.
2
What is the remainder when 1071781 is divided by 827?
816
Calculate the remainder when 29703548 is divided by 93.
92
Calculate the remainder when 289678 is divided by 222.
190
What is the remainder when 1333102 is divided by 234?
4
What is the remainder when 100136 is divided by 855?
101
Calculate the remainder when 66876027 is divided by 3510.
3507
What is the remainder when 561218 is divided by 46766?
26
Calculate the remainder when 53389255 is divided by 1129.
1103
Calculate the remainder when 3438132 is divided by 381.
369
What is the remainder when 8644066 is divided by 4184?
4106
Calculate the remainder when 6386141 is divided by 2128615.
296
Calculate the remainder when 342892917 is divided by 249.
246
What is the remainder when 14459981 is divided by 1936?
1933
What is the remainder when 103801 is divided by 104?
9
What is the remainder when 78785 is divided by 11245?
70
What is the remainder when 31569827 is divided by 192?
35
Calculate the remainder when 770997 is divided by 1797.
84
What is the remainder when 147089 is divided by 1058?
27
Calculate the remainder when 2505723 is divided by 7980.
3
What is the remainder when 5652575 is divided by 329?
26
What is the remainder when 11560803 is divided by 169?
20
What is the remainder when 2675879 is divided by 668969?
3
Calculate the remainder when 3683 is divided by 454.
51
Calculate the remainder when 3524449 is divided by 704863.
134
What is the remainder when 267226 is divided by 267141?
85
Calculate the remainder when 60624640 is divided by 291.
28
Calculate the remainder when 306